ppose b + 9 = -2*k, -3*b + 2*b = -3*k - 6. Calculate the remainder when (-78)/(-21) + 8/28 is divided by (-1 - 0)/1 - b.
0
Let x(a) = 71*a**2 - 2*a - 2. Calculate the remainder when x(-1) is divided by 24.
23
Suppose 2*h + 4*p = -0*h + 160, -5*h + 430 = 4*p. What is the remainder when h is divided by 23?
21
Suppose -4*y + 23 = -1. Let v = -1 + y. What is the remainder when 14 is divided by v?
4
Suppose -5*t + 65 + 85 = 0. Let a = -17 + t. Calculate the remainder when 49 is divided by a.
10
Let y = 50 + -36. What is the remainder when 34 is divided by y?
6
Let w be 12 - 11 - (-1 - -6). Calculate the remainder when 3 is divided by 3/((-1 - w)/1).
0
Suppose 5*c - 57 = 13. Suppose 2*y + 3*r = 8*r + 13, -7 = y + 2*r. Calculate the remainder when ((-2)/1 + y)*-9 is divided by c.
13
Suppose u - 6 = -0*u. Let o = 7 - u. What is the remainder when o is divided by 1?
0
Let m = 32 + -13. What is the remainder when m is divided by 10?
9
Let o(h) = 2*h**3 - h**2 + 8*h - 5. What is the remainder when 124 is divided by o(3)?
60
Suppose 2*k + 0*k = 8. Let s be (-5)/10*(0 - 4). Calculate the remainder when k is divided by (-3 - -1) + 2*s.
0
Suppose 0 = 4*z + 2*u - 2 - 74, -3*u + 63 = 3*z. Let k(y) = 2*y**2 + 9*y + 4. Calculate the remainder when z is divided by k(-5).
8
Suppose -3*q + 5*b - 22 = 0, -b = 2*q + 4*b - 27. Calculate the remainder when 28/(q/((-1)/(-1))) is divided by 10.
8
Let j(w) = 10*w - 13. What is the remainder when 51 is divided by j(4)?
24
Let b be 15 + -5 + (-1)/1. Let y = 5 - b. Let v(h) = -h - 3. Calculate the remainder when 1 is divided by v(y).
0
Let i = 6 - 4. Suppose -102 = -i*n - n. Suppose b = 2*o + 10 - n, -o + 2 = -3*b. What is the remainder when 27 is divided by o?
13
Suppose 0 = 4*z - 25 + 65. Calculate the remainder when 3*1 - 4*z is divided by 22.
21
Let w(l) = -l - 4. Calculate the remainder when 22 is divided by w(-12).
6
Let x be 20/(-30) - (-28)/6. Let r(d) = d**3 - 2*d**2 + 5. What is the remainder when r(x) is divided by 20?
17
Let b be 2/(-4) + 26/4. Let f = b + -1. What is the remainder when 8 is divided by f?
3
Let d = 3 + 1. Suppose -175 = -o - d*o. Calculate the remainder when o is divided by 9.
8
Let o(r) = -47*r**3 - 2*r**2 + 1. Let x = 14 - 3. Let c(q) = 2*q - 6. Calculate the remainder when o(-1) is divided by c(x).
14
Let v = 6 + -1. Suppose v*d = -p + 103, d + p = -d + 43. Let z = 22 - 11. What is the remainder when d is divided by z?
9
Let m(t) = t**2 + t. Let u be m(0). What is the remainder when u - (-4)/2*1 is divided by 2?
0
Let a = 22 - 37. What is the remainder when (-1)/(-2)*-2*a is divided by 6?
3
Suppose 0 = -5*u + v + v + 42, -5*u = 5*v - 70. Suppose 4*l - 54 = l. Calculate the remainder when l is divided by u.
8
What is the remainder when 5 is divided by (8/20 - 0) + (-40)/(-25)?
1
Let h = 2 - 3. What is the remainder when (17 + 3/3)/2 is divided by 1 - (h + 6/(-2))?
4
Let k(n) = -n**2 + 7*n. Let w be k(4). Suppose -2*j + w = -38. What is the remainder when j is divided by 14?
11
Let m be 443/3 + (-1)/(-3). Suppose -i - 3*i - 3*y = -m, 0 = 2*i + 5*y - 88. Calculate the remainder when i is divided by 18.
16
Let k = 25 + -14. What is the remainder when 30 is divided by k?
8
Suppose -8*q + 5*q = -24. Calculate the remainder when 14 is divided by q.
6
Let b = 9 + -3. Suppose 2*i = -3*i + 90. Suppose 3*s - i = -l, -b*l + s + 90 = -l. Calculate the remainder when l is divided by 10.
8
Let f(a) be the first derivative of a**2/2 - a - 4. Let r(k) = -k + 1. What is the remainder when r(-5) is divided by f(4)?
0
Let a = 18 + 1. Let m = 38 + -28. Calculate the remainder when a is divided by m.
9
Let x(t) = t**3 + 5*t**2 + 3. Let d be x(-5). Suppose -3*y = -d*n + 12 - 45, -3*n = y - 15. Let b = 50 + -4. Calculate the remainder when b is divided by y.
10
Suppose -n + 17 = 5. What is the remainder when n is divided by 3?
0
Suppose 0 = 10*g - g - 918. Calculate the remainder when g is divided by 21.
18
Suppose -2*k = k - 9. Suppose 0 = -4*q - a + 3*a + 90, -2*q + 42 = 2*a. Suppose -w - 4*w - 2*d = -q, 2 = 2*d. What is the remainder when w is divided by k?
1
Suppose -33 = 3*c - 3*m, 0 = -4*c + m - 33 - 11. Let x(j) = -j**2 + 5*j + 7. Let r be x(6). Let v = r - c. Calculate the remainder when 35 is divided by v.
11
Let f = 38 + -11. Calculate the remainder when f is divided by 14.
13
Suppose 4*y - 3 = -3*m, y + 2*y - m + 1 = 0. Let k(c) = -c**2 - 7*c + 3. Calculate the remainder when (-12)/(-4) - y - -31 is divided by k(-6).
7
Suppose -4*c + 3*c = 3*l - 64, -3*l - 3*c = -54. Calculate the remainder when l is divided by 4.
3
Let b = 73 + -30. Let k = b + -26. What is the remainder when k is divided by 6?
5
Let c(v) = v**3 + 6*v**2 + v + 5. Let t be c(-5). Suppose 5*m = 5*w + 50 + t, -m - 5*w = -39. What is the remainder when m is divided by 7?
5
Suppose -22 = -3*o + 71. What is the remainder when o is divided by 17?
14
Let i = -10 - -12. Suppose -3*t + i*t - 16 = -l, t = 3*l - 48. Calculate the remainder when 46 is divided by l.
14
Suppose p - 5*p = -188. Calculate the remainder when p is divided by 18.
11
Let w(r) = r**3 + 7*r**2 + 10*r + 6. Suppose -2*s + 102 = 4*u, 3*u - 129 = -2*u - 4*s. What is the remainder when u is divided by w(-4)?
11
Suppose 2*u + 220 = 5*f + 3*u, 2*f = 3*u + 71. Calculate the remainder when f is divided by 24.
19
Let x(a) = 2*a**2 + 2. Suppose -f + 2*g + 29 = -53, g = 3*f - 256. Suppose -3*z = -f + 32. What is the remainder when z is divided by x(2)?
8
Suppose 6*b = 70 + 164. Calculate the remainder when 193 is divided by b.
37
Let m(i) = -i**2 - 2*i + 3. Let o be m(4). Suppose -3*b = 2*p + 22, -p = 4*b - 0*p + 36. Let l = b - o. Calculate the remainder when 20 is divided by l.
9
Suppose -2*x = 2*x - 12. What is the remainder when x*(-2 + 4 - 0) is divided by 3?
0
Let p = -4 - -17. Let g = p + -8. What is the remainder when g is divided by 2?
1
Calculate the remainder when 56 is divided by (-105)/(-6) - 5/10.
5
Suppose 0 = -0*k - 2*k + 18. What is the remainder when 14 is divided by k?
5
Suppose -80 - 108 = -4*p. What is the remainder when p is divided by 12?
11
Calculate the remainder when 50 is divided by ((-21 - -4)*1)/(-1).
16
Let w = -16 - -14. What is the remainder when 7 - (2 + (w - 3)) is divided by 3?
1
Let y = -3 - -4. Let v = 2 - y. Calculate the remainder when 1/(-3) + 4/3 is divided by v.
0
Let s(r) = -277*r**2 + 1 + 3*r + 278*r**2 + 2. Suppose 26 = 3*d - 5*n, 3*n - 42 = -5*d + 24. Calculate the remainder when d is divided by s(-4).
5
Suppose 4*m - 28 = 2*i + 32, i + 25 = m. Let l = i + 36. Suppose -4*c + 16 = -l. Calculate the remainder when 23 is divided by c.
7
Suppose 2*z + 3*z = v + 389, 2*z - 3*v = 166. What is the remainder when z is divided by 13?
12
Let l = -71 + 135. Suppose 0*p - 44 = -2*p. Calculate the remainder when l is divided by p.
20
Suppose 14 = -n + 36. Suppose -5*j = -j - 248. Calculate the remainder when n is divided by j/8 + 2/8.
6
Let t be -3 + -1 + 6 - -2. Suppose -5*d + 2*k + t = -d, 3*d - 13 = -k. Suppose -12 = -d*h + 9. Calculate the remainder when 20 is divided by h.
6
Let k(d) = d**3 - d**2 + d + 4. Calculate the remainder when 9 is divided by k(0).
1
Suppose 2*p - 80 = -3*p. What is the remainder when 19 is divided by (-165)/44*p/(-6)?
9
Suppose -z - 5*g - 59 = -3*z, 5*z - 2*g = 95. Calculate the remainder when 30/(-4)*(-312)/36 is divided by z.
14
Let q(i) = 48*i - 93. Calculate the remainder when q(9) is divided by 38.
35
Calculate the remainder when 63 is divided by (-6)/(-15) - (-415)/25.
12
Let w = 2 - 0. Let u be 42/12 + (-1)/w. Suppose 0 = 4*o + u*h - 75, -3*h + h - 16 = -o. Calculate the remainder when 34 is divided by o.
16
Let k(l) = -2*l + 2. Let v be k(-3). Suppose -4*m + 36 = -v. Suppose -2*p - 3*x = -p - 20, -p + 52 = -5*x. Calculate the remainder when p is divided by m.
10
Suppose 1 = 3*n - 125. What is the remainder when n is divided by 12?
6
Let r = 115 - 57. Calculate the remainder when r is divided by 20.
18
Let d be 384/18 + (-1)/3. Let x = -1 + d. Calculate the remainder when 38 is divided by x.
18
Let r(i) = i**2 + 3*i - 8. Calculate the remainder when r(7) is divided by 8.
6
Suppose -4*z = -3*i - 0*i + 20, -9 = -i - z. Suppose i*r - 2*r = 138. Calculate the remainder when 43 is divided by r.
20
Calculate the remainde